False
Is 439411780 a multiple of 237?
False
Is 22715160 a multiple of 390?
True
Is 46447468 a multiple of 9?
False
Is 656 a factor of 34512816?
True
Is 49675431 a multiple of 160?
False
Does 34 divide 1078725?
False
Is 7835782 a multiple of 128?
False
Is 1879 a factor of 488641466?
True
Is 12 a factor of 239493946?
False
Is 357 a factor of 1116064928?
False
Is 275 a factor of 1424299250?
True
Is 8 a factor of 1103961564?
False
Does 5 divide 12041590?
True
Is 1743 a factor of 6130345?
False
Does 2210 divide 19315259?
False
Does 140 divide 3951015?
False
Is 1608532960 a multiple of 20?
True
Is 1724268356 a multiple of 452?
True
Does 37 divide 1019546988?
True
Is 157 a factor of 655197315?
False
Is 703 a factor of 660448113?
True
Does 14479 divide 5243178917?
True
Does 785 divide 145400840?
True
Does 39 divide 28171675?
False
Is 14920356 a multiple of 399?
False
Does 137 divide 133146522?
False
Does 6010 divide 37417860?
False
Does 217 divide 1040978946?
True
Is 5850861 a multiple of 22?
False
Does 1275 divide 129036375?
True
Does 85 divide 428772895?
True
Does 43 divide 834764738?
False
Does 690 divide 191400042?
False
Does 1659 divide 624587866?
False
Is 67470928 a multiple of 112?
True
Is 1256894501 a multiple of 1022?
False
Does 38 divide 33369851?
False
Does 465 divide 57522360?
True
Does 864 divide 27246240?
True
Is 76 a factor of 1779417808?
False
Does 464 divide 27266289?
False
Does 343 divide 43098202?
False
Does 55 divide 54510052?
False
Is 1942474537 a multiple of 18?
False
Is 15633520 a multiple of 80?
True
Is 32727375 a multiple of 34?
False
Does 810 divide 610435225?
False
Is 710 a factor of 272056939?
False
Is 27697786 a multiple of 1612?
False
Is 2253791 even?
False
Does 122 divide 43540718?
False
Is 491 a factor of 136263349?
False
Does 20 divide 472700740?
True
Is 135914276 a multiple of 1316?
False
Is 4154702 a multiple of 60?
False
Is 12 a factor of 3633328174?
False
Does 130 divide 7914140?
True
Does 30 divide 8055047?
False
Is 7096190 a multiple of 46?
True
Does 17 divide 2104124037?
False
Is 5 a factor of 43007060?
True
Is 17 a factor of 2236524836?
False
Is 1531 a factor of 2480529585?
False
Does 2692 divide 179109528?
True
Does 3712 divide 1267011662?
False
Is 173 a factor of 70757701?
False
Is 11089980 a multiple of 17?
False
Is 38 a factor of 2818346?
True
Is 12 a factor of 772172952?
True
Does 163 divide 216556705?
False
Does 6279 divide 2136090684?
True
Does 3 divide 3306705?
True
Is 135 a factor of 2128591653?
False
Is 1472341 a multiple of 1349?
False
Does 3 divide 1027312230?
True
Is 64 a factor of 492982500?
False
Is 1276 a factor of 1231340?
True
Does 28 divide 49607906?
False
Does 1633 divide 9936805?
True
Does 239 divide 1884276?
True
Does 740 divide 3232320?
True
Does 14 divide 1073711506?
True
Does 87 divide 124773953?
False
Does 18 divide 293175323?
False
Is 118 a factor of 37920008?
True
Does 98 divide 2476359594?
False
Is 1179720156 a multiple of 195?
False
Does 123 divide 218352921?
True
Is 82 a factor of 5685322?
False
Is 323 a factor of 84621672?
False
Is 160123150 a multiple of 13?
False
Is 70574162 a multiple of 12?
False
Is 540999438 a multiple of 1938?
False
Does 5 divide 1280760?
True
Is 15029810 a multiple of 15?
False
Is 225553065 a multiple of 23?
True
Does 279 divide 5374898172?
True
Is 34 a factor of 125941848?
True
Is 25 a factor of 12710400?
True
Is 111192304 a multiple of 212?
True
Is 89 a factor of 2901400?
True
Is 136565193 a multiple of 159?
False
Is 155 a factor of 2676532715?
True
Does 53 divide 213448528?
False
Is 4009 a factor of 1613647170?
False
Is 99 a factor of 118457757?
True
Is 2031702 a multiple of 1684?
False
Does 3960 divide 55586520?
True
Does 1781 divide 118247613?
False
Is 2 a factor of 8662085?
False
Is 89 a factor of 448157008?
True
Is 61803243 a multiple of 151?
True
Does 1120 divide 33447680?
True
Is 434118473 a multiple of 27?
False
Is 387 a factor of 93538287?
True
Does 34 divide 220521586?
True
Does 37 divide 20109842?
False
Is 6799 a factor of 668858424?
True
Is 6411282 a multiple of 1282?
True
Is 1438581221 a multiple of 16?
False
Does 102 divide 947290728?
True
Is 395 a factor of 829501885?
False
Is 25048608 a multiple of 12?
True
Is 1148 a factor of 223660248?
True
Is 12878052 a multiple of 295?
False
Does 27 divide 80776953?
True
Is 595188800 a multiple of 125?
False
Does 9760 divide 3886523692?
False
Is 117861139 a multiple of 16?
False
Is 469047173 a multiple of 1671?
False
Is 4 a factor of 849395?
False
Is 12 a factor of 2055456?
True
Is 2160795 a multiple of 91?
True
Is 45 a factor of 2421551385?
True
Is 214 a factor of 32690873?
False
Does 9 divide 64145295?
True
Does 295 divide 543273451?
False
Is 918067495 a multiple of 682?
False
Is 195 a factor of 394397055?
True
Is 73 a factor of 1030390?
False
Is 48850158 a multiple of 15?
False
Is 36932854 a multiple of 21?
False
Is 7079601 a multiple of 8?
False
Does 2809 divide 63455310?
True
Does 2 divide 1507872?
True
Is 229540232 a multiple of 6?
False
Does 16 divide 97837056?
True
Is 100 a factor of 495739679?
False
Does 26 divide 31269030?
True
Is 418 a factor of 71019423?
False
Does 203 divide 435849610?
False
Is 26 a factor of 44846883?
False
Is 51 a factor of 524783931?
True
Is 1858 a factor of 769448929?
False
Does 15 divide 160041780?
True
Is 408 a factor of 289948851?
False
Is 364664267 a multiple of 11?
True
Is 39582192 a multiple of 831?
True
Is 169 a factor of 2360234224?
False
Is 234765786 a multiple of 790?
False
Does 398 divide 36618160?
False
Is 41929301 a multiple of 164?
False
Is 138 a factor of 44398439?
False
Does 221 divide 83310455?
False
Does 222 divide 711293465?
False
Does 1726 divide 80564974?
False
Is 2070 a factor of 16104600?
True
Does 1505 divide 74858700?
True
Is 772145032 a multiple of 8?
True
Is 478 a factor of 13903108?
True
Does 164 divide 392159260?
True
Is 8 a factor of 29732880?
True
Is 597765555 a multiple of 3615?
True
Is 1277 a factor of 53776957?
False
Is 31950509 a multiple of 1208?
False
Does 37 divide 22748340?
True
Is 3584623128 a multiple of 51?
True
Is 3707962 a multiple of 109?
True
Is 467 a factor of 63707781?
False
Does 11471 divide 1419272417?
True
Is 203 a factor of 454890723?
True
Is 690313715 a multiple of 13?
True
Is 213 a factor of 352280700?
True
Does 1639 divide 22162428?
False
Is 110 a factor of 11472429?
False
Is 86118128 a multiple of 19?
False
Does 204 divide 271686152?
False
Is 44137209 a multiple of 4?
False
Is 17965920 a multiple of 20?
True
Does 42 divide 5841805?
False
Does 13 divide 131646379?
False
Does 42 divide 67556370?
True
Does 72 divide 200593443?
False
Is 1118 a factor of 81407170?
True
Is 139789008 a multiple of 492?
True
Is 62117521 a multiple of 1170?
False
Does 54 divide 20052252?
True
Does 3 divide 5323865?
False
Is 389387192 a multiple of 282?
False
Does 488 divide 9556016?
True
Is 93167480 a multiple of 28?
True
Is 83 a factor of 183716931?
True
Does 354 divide 943031928?
True
Is 5018148 a multiple of 13?
False
Is 102041604 a multiple of 126?
True
Is 207 a factor of 56081475?
True
Does 63 divide 1096823322?
True
Is 6416625 a multiple of 2114?
False
Is 479570760 a multiple of 18?
True
Is 13 a factor of 22624628?
True
Does 37 divide 570546882?
True
Is 199928871 a multiple of 1073?
True
Does 1740 divide 233619360?
True
Is 9706533 a multiple of 3?
True
Is 164 a factor of 811522869?
False
Is 1447 a factor of 462625701?
False
Does 60 divide 83788515?
False
Is 1332 a factor of 408868888?
False
Is 814179856 a multiple of 1321?
True
Is 2371176137 a multiple of 847?
False
Does 1526 divide 341776419?
False
Is 54530194 a multiple of 23?
True
Is 10410545 a multiple of 4?
False
Is 1892 a factor of 2654470075?
False
Does 21 divide 58757706?
True
Does 2051 divide 9974013?
True
Does 3155 divide 2006870351?
False
Does 72 divide 464223672?
True
Is 160597052 a multiple of 308?
True
Does 864 divide 106984896?
False
Is 818 a factor of 13059120?
False
Is 367 a factor of 44918598?
True
Is 6742 a factor of 1111452410?
True
Does 31 divide 64164265?
True
Does 24 divide 90119976?
True
Does 1389 divide 29139706?
False
Is 3 a factor of 38545219?
False
Is 4 a factor of 9881280?
True
Is 515 a factor of 63784810?
True
Does 1018 divide 188398229?
False
Is 1